hat is the units digit of b?
8
Suppose 21509 + 4879 = 4*u. Suppose 0 = 41*q - 42*q + 2*k + 1643, 4*q = 3*k + u. What is the hundreds digit of q?
6
Let s be 39/(-1)*(-19)/(-57) + 4. What is the hundreds digit of (s + 9 - -320) + (-1 - 1)?
3
Suppose 8*p = 12*p + 3*n - 6037, -3*p = 3*n - 4524. What is the units digit of p?
3
Let f(z) = -6827*z - 107. What is the ten thousands digit of f(-3)?
2
Let t be (-6 - -17)/(0 - -1). Suppose -3*l + 1755 = -2*f, -1170 = -5*l + 3*l + 4*f. Suppose t*v - l = 2*v. What is the units digit of v?
5
Let s(x) be the second derivative of x**5/20 - 2*x**4 + 15*x**3/2 - 3*x**2 - 32*x. What is the hundreds digit of s(23)?
5
Let d = 50 + -46. Let b = -15 + d. Let h = 55 - b. What is the units digit of h?
6
Let f(m) = -2*m**3 + m**2 + m + 3. Let p be f(0). Suppose -p*s + 135 = n, -2*n + s - 518 = -6*n. What is the hundreds digit of n - ((-1)/(-5) - 208/65)?
1
Let q(o) = -3*o**2 + 50*o - 30. Let h be q(16). Suppose -h*y - m = -1273, -5*y - 4*m - 731 = -3915. What is the units digit of y?
6
Suppose -20*d = -14*d - 42. Suppose 860 + 64 = d*n. What is the hundreds digit of n?
1
Let a = 2255 - -7146. What is the units digit of a?
1
Let z = -9 - -11. Suppose z*s - 3*s + 7 = 0. Suppose f = s - 5. What is the units digit of f?
2
Let t(g) = 106*g**2 - 5 - 20*g + 34*g - 10*g. What is the hundreds digit of t(-2)?
4
Let p(l) = 44*l**2 + 14*l - 36. Let t be p(8). Suppose 3*r - 4*k + 316 = 3208, 0 = -3*r - 3*k + t. What is the units digit of r?
4
What is the hundreds digit of (-33 + 2272/64)*41576/5?
7
Let b(r) = -r**3 - 21*r**2 - 487*r + 23. What is the units digit of b(-22)?
1
Suppose -4*q - 91 - 5 = 0. Let m = 4 - q. Suppose 5*j + 4*z - 214 = 0, 5*z = -j + m + 19. What is the units digit of j?
2
Let y = 630 + -562. Let a be 70/4*24/10. Suppose g - a = y. What is the hundreds digit of g?
1
Let r(a) = a**3 + 11*a**2 + 13*a + 20. Let b = 23 + -21. Let p be 2 + -14 + b + 1. What is the tens digit of r(p)?
6
Suppose 2*o - 7*o + 21 = -2*j, 3 = 2*j + 3*o. Let k be ((1 - -1) + -66)/(-1). What is the hundreds digit of k/(-1)*(-5 - j)?
1
Let u(w) = 253*w + 1290. What is the units digit of u(10)?
0
Let x(i) = 16*i + 53. Let t be x(-3). Suppose -5*l = 5, 3*l - 171 = -t*f - l. What is the units digit of f?
5
Let r be 5 + ((-4)/(-5))/((-7)/(-105)). Suppose 2564 = r*x - 1533. What is the tens digit of x?
4
Let k(p) = p**3 + p - 1. Let j(a) = 4*a**3 + 2*a**2 + 2*a. Let g(d) = -j(d) + 5*k(d). Suppose 6 = -u + 11. What is the units digit of g(u)?
5
Let j(y) = -94*y + 58. Let a be j(5). Let q = -74 - a. What is the units digit of q?
8
Suppose 19*k = 24*k - 25. Suppose k*y - 1070 = 735. What is the tens digit of y?
6
What is the hundreds digit of (-6)/(-16) + 1567618/208?
5
Suppose 9*y - 54*y = -90. Suppose 3*h = -v + 2405, 5*v + 35 = -y*h + 1621. What is the tens digit of h?
0
Suppose 2*x - 6*x = 3*d - 345, 2*x - 5*d - 153 = 0. Suppose 25 = -5*f, -p - 3*f - f = x. What is the units digit of (656/p)/((-2)/16)?
2
Let g(i) = 514*i**2 + 78*i - 297. What is the units digit of g(4)?
9
Suppose 383 = 3*o - 4*x, o = -0*o + 5*x + 113. Suppose -8*p - 350 + 14 = 0. Let l = o + p. What is the tens digit of l?
9
What is the tens digit of 1*10 + (38 - -1145332)/30?
8
Let g(x) = 6*x + 14. Let f(r) = 8*r + 15. Let t(p) = -4*f(p) + 3*g(p). Let b be t(-2). What is the tens digit of ((-16)/12)/(b/(-1875))?
5
Let o(v) = -10*v - 13. Let a be o(-2). Suppose -2*m = -n + 99, 5*n = -a*m + 9*m + 519. What is the hundreds digit of n?
1
Let z be (-16)/(-72) - 316/(-36). Suppose d = -z*d + 990. What is the units digit of d?
9
Suppose -6*b - 12575 = -4*v + 41929, -4*v + 54460 = 5*b. What is the tens digit of v?
2
Suppose 0 = 5*v - 0*v + 25. Let o be 11 - (2 + v - -2). Suppose o = -3*p, -4*x = -7*p + 3*p - 324. What is the units digit of x?
7
Suppose 3*p + 11811 = 3*y, -5 = 2*y - 7*y. Let a be 6/4*p/(-72). Let f = -53 + a. What is the tens digit of f?
2
Let d = 13 + 1. Let j be -48 + 129 - (-3 - (4 - 2)). Let y = d + j. What is the tens digit of y?
0
Let m = -1899 - -2326. What is the hundreds digit of m?
4
Suppose -77*n - 100887 = -818912. What is the units digit of n?
5
Let z(j) = -2965*j + 31. What is the thousands digit of z(-1)?
2
Suppose 9*z + 115 = 4*z. Let r = z - -28. Suppose -r*q + y = -2*y - 287, 0 = -q - 4*y + 39. What is the units digit of q?
5
Suppose -c + 6*c = 90. Suppose -16*f + c = -14*f. Suppose 8*b - f*b = -76. What is the units digit of b?
6
Let d = 40 + -36. Suppose m - d*m + 3*s = -237, -s = -1. Let b = m - -9. What is the units digit of b?
9
Suppose -4*z + 1281 + 2031 = 0. Suppose 12 = -4*g, -2*g + z = 2*h + 246. Suppose -a - 5*a = -h. What is the tens digit of a?
4
Suppose -5*t - 5*o = 645, 2*t - 544 = 6*t - 3*o. Let b = 133 + t. Suppose -4*n + 1225 - 365 = b. What is the hundreds digit of n?
2
Let h(x) = -2*x**3 - 13*x**2 - 10*x. Let c be h(-9). Suppose 2*v = v + c. What is the tens digit of v?
9
Let c be ((-3)/2)/(2*12/(-5584)). Suppose -2*b + 5*k + c = -b, k = 2*b - 689. What is the tens digit of b?
4
Let l = 540 - 339. Let d = l + 234. What is the units digit of d?
5
Let l(d) = d**3 - 18*d**2 - 49*d + 74. Let h be l(21). Let x = -15 + 18. Suppose -x*a = 5*z - h, -2*z - 2*a + 206 = 58. What is the units digit of z?
3
Suppose 16 = 3*j + 1. Suppose -223 - 67 = -j*l. Suppose -4*n - i + l = 0, 0*n - i - 47 = -3*n. What is the tens digit of n?
1
Let s = -393 - -622. Let q = 41 + s. Suppose -3*r + q = -126. What is the hundreds digit of r?
1
What is the units digit of (-1)/(-11) - 26213800/(-2332)?
1
Let v = -80 + 106. Suppose v*j + 643 = 28*j - s, 0 = j - 2*s - 329. What is the units digit of j?
9
Let o(d) = 3*d**2 + 63*d + 21 + 19 - 12. Let q be o(-22). Suppose 0 = -4*m - u + 373, 0*m - m - u = -q. What is the units digit of m?
3
What is the tens digit of 7 - 112264/(-24) - (-2)/(-3)?
8
Suppose -37*s = -34*s - 15. Suppose r + 3*c = 1470, -s*r + 0*r + c = -7430. What is the hundreds digit of r?
4
Let w(g) = -56*g**3 - 6*g**2 + 256*g + 1888. What is the tens digit of w(-7)?
1
Suppose -17*w - 49 = -134. Suppose -2*o = v + 4*v - 18, 0 = -w*v. Suppose o*d - 1637 - 559 = 0. What is the tens digit of d?
4
What is the units digit of (70 - 63)*(2727 + 2)?
3
Suppose 314*y + 6*y - 14435840 = 0. What is the units digit of y?
2
Suppose 2*x - 3*s = 4*x - 66, 10 = 5*s. Let z = -34 + x. Let y(f) = -f + 13. What is the tens digit of y(z)?
1
Suppose 2*b = 3*b + 4*q + 51, -4*q = -2*b - 150. Let s = 122 + b. Let h = s + -10. What is the units digit of h?
5
Let x(n) = 2*n + 2. Let y be x(-1). Let p be (-1 + y)*(-2 - -2). What is the tens digit of (280 - 9)/(p + (-1)/(-1))?
7
Suppose 81*b + 35*b - 1987419 = -3*b. What is the ten thousands digit of b?
1
Let m be 2/10 - 27/(-15). Let z be m/(-2*1/55). Let p = 87 + z. What is the tens digit of p?
3
Let z = 51099 - 30174. What is the hundreds digit of z?
9
Let k = -2485 - -3956. What is the tens digit of k?
7
Let d be 11126/(-9) + 14/63 - 3. Let g = 1967 + d. What is the tens digit of g?
2
Let y(z) be the third derivative of -59*z**4/6 + z**3/2 + z**2 + 52*z. What is the units digit of y(-1)?
9
Let c be (-2 - 2)*((-12)/(-8) + -1). Let a be (c + -1 - -3)/(-2) + 2. What is the units digit of 2*(1 - (2*-47)/a)?
6
Let b(t) = -71*t - 732. What is the thousands digit of b(-37)?
1
Let m(p) = -p**3 - 11*p**2 - 8*p + 22. Let w be m(-11). What is the units digit of (-6)/10 - (-5676)/w?
1
Let i(g) = 3*g**3 + 12*g**2 + 19*g + 31. Let j(l) = -2*l**3 - 6*l**2 - 10*l - 15. Let n(z) = -4*i(z) - 7*j(z). What is the tens digit of n(7)?
3
What is the ten thousands digit of ((-44180433)/1122)/(3/(-2))?
2
Suppose 8*n - 160 = -32. Let h(j) = j**2 - 3*j - 75. What is the tens digit of h(n)?
3
What is the tens digit of (9037 - -1) + (10/(-15) - 0)*-9?
4
Let s(k) = 487*k**2 + 172*k - 1755. What is the tens digit of s(11)?
6
Let x(d) = -10*d - 4. Let o be x(-1). Suppose r - 33 = -o. What is the tens digit of r?
2
Let z = 45 - -115. Let b = 294 - z. What is the tens digit of b?
3
Let d = -111103 + 161358. What is the thousands digit of d?
0
Suppose -41*a + 103255 = 25970. What is the thousands digit of a?
1
Suppose -3*r = -18*r + 180. Suppose 3*g + 1515 = 3*t + 2*g, -r = 4*g. What is the hundreds digit of t?
5
Suppose -2*l + 5*x + 6035 = -0*l, 0 = -2*l + 3*